hat is the remainder when 104 is divided by l?
14
Suppose -5*f = -5*n - 3460 - 3730, -2*n = 5*f - 7183. Calculate the remainder when f is divided by 40.
37
Suppose t = -4*j + 15, -5*j = -2*j - 4*t - 35. Suppose 4*u - 382 = -2*l, j*u + 64 = 5*l - 936. What is the remainder when l is divided by 67?
63
What is the remainder when 4898 is divided by ((-2)/3)/(-2*(-5)/2940*-7)?
26
Suppose -4*k - 586 = 5*g, 5*k - g = 2*g - 714. What is the remainder when (k/(-45))/8 + (-73)/(-5) is divided by 9?
6
Suppose 0 = t + 4*z - 2*z - 7, -8 = 2*z. Let p be (7 + 2)/(5/(-365)) + 0. What is the remainder when (p/(-12))/((-9)/(-12)) is divided by t?
13
Let k be 374/10 - (-42)/70. Let a = 40 - k. Suppose a*v = 7 + 5. What is the remainder when 10 is divided by v?
4
Suppose 4112*w - 4099*w = 975. Let x = 66 + 165. What is the remainder when x is divided by w?
6
Suppose 5*i + 35 + 25 = 0. Let n = -65 + i. Let p = 109 + n. Calculate the remainder when 127 is divided by p.
31
Let o = -21 - -55. Let u(i) = 6*i - 140. Let c be u(19). What is the remainder when c/2*15/(-3) is divided by o?
31
What is the remainder when (78/(-65))/(2/(-45)) is divided by 6 + -3 + -2 - -11?
3
Let r(y) = 17*y**2 - 5*y + 5. Let g be r(6). Calculate the remainder when g/5 + 12/(-30) is divided by (73/511)/(2/420).
27
Suppose 2*s = 11*s - 36. Suppose -156 = -2*t - t + o, 0 = -t + s*o + 63. Calculate the remainder when t is divided by 28.
23
Suppose 3*u + 105 = 8*u. Let r be 7/(u/(-6)) + 0. Calculate the remainder when 18 is divided by (-10)/(-6)*(-1 + r + 6).
3
Let f be 188/14 + (4 - (-62)/(-14)). Let y(v) = v**3 - 13*v**2 + 4*v - 13. Let q be y(f). Let n = q - 32. Calculate the remainder when 31 is divided by n.
3
Let m(v) = -8*v - 1. Let w be m(8). Let l = w + 57. Calculate the remainder when 21 is divided by (-36)/l + ((-30)/4)/(-5).
3
Suppose 0*u + u - 286 = 0. Let o = 2223 - 2165. Calculate the remainder when u is divided by o.
54
Suppose 1424 = u + 1369. Calculate the remainder when u is divided by 26.
3
Suppose -5*d - 45 = 5*u, -5*d - 12 = 8. Let z(b) = -b**3 + b**2 - 9*b - 37. Calculate the remainder when z(u) is divided by 46.
20
What is the remainder when 125 is divided by ((-9039)/3668 + 4/(-14)*1)*-12?
26
Calculate the remainder when 2679 is divided by -1*5 + 48/(-14 + 26) + 6.
4
Suppose -4*n - s + 118 = 0, 2*n + 2*s = 5*n - 83. Suppose 227*i - 228*i = -4*x + 320, 0 = -4*x - i + 328. Calculate the remainder when x is divided by n.
23
Suppose 1626 = 42*l - 6564. What is the remainder when l is divided by 111?
84
Let o be 134 - (0/(-2))/(-4). Let q = -109 + o. Calculate the remainder when 222 is divided by q.
22
Suppose 3*d + 856 = 5*v, 13*v - 10*v + 5*d - 534 = 0. Calculate the remainder when v is divided by 43.
1
Let s be (15 - 9)*4/(-6). Let b = 30 - -5. What is the remainder when b is divided by (-63)/54*-15 - 6/s?
16
Let a(g) = -26*g**2 - 4*g + 13. Let u(f) = -26*f**2 - 3*f + 15. Let p(n) = -7*a(n) + 6*u(n). Calculate the remainder when p(-1) is divided by 5.
0
Suppose 4*r = -5*c + 18830, 4069 = -5*c + 4*r + 22899. What is the remainder when c is divided by 12?
10
Suppose -31 = 23*h - 146. Let b(n) = n**2 - 3*n + 11. Calculate the remainder when 62 is divided by b(h).
20
Suppose -3*t - 47 + 92 = i, -i - 4*t + 43 = 0. Suppose 357 + i = 24*j. Suppose -3*l - 248 = -7*l. What is the remainder when l is divided by j?
11
Let c(j) = j**3 - j**2 - 11*j - 3. Let w be c(4). Let i be (12*w/20)/((-2)/10). What is the remainder when 44 is divided by (-30)/(-2*i/(-3))?
14
Suppose 9*d - 60 = -6. Calculate the remainder when 700 is divided by d.
4
Suppose 10004 = 25*i - 14271. Calculate the remainder when i is divided by 48.
11
Suppose 41 = 5*m - 2*b - 208, -240 = -5*m + 5*b. Calculate the remainder when 1883 is divided by m.
47
Calculate the remainder when 4/(-10)*(-1 + 6) - (-945 + 1) is divided by 45.
42
What is the remainder when 4360 is divided by -147*(-5)/15*3*(-5)/(-15)?
48
Let o(s) = -4*s - 4. Let w be o(-1). Suppose -5*t + 519 = 3*b - 4*b, w = t + 3*b - 91. Calculate the remainder when t is divided by 55.
48
Let l be 30/4*(-8)/(-12). Suppose -g + 5 = -9*a + 10*a, l*g = -4*a + 20. Suppose g = 2*y - 9*y + 42. What is the remainder when 11 is divided by y?
5
Let v = 5737 + -3232. What is the remainder when v is divided by 76?
73
Let d = -35792 - -36735. What is the remainder when d is divided by (-444)/(-30) + 2/10?
13
Suppose -249*m + 253*m - 6528 = 0. Calculate the remainder when m is divided by 17.
0
Let f = -45 + 44. Suppose -4*u + 60 = 4*v, 2*u + 3*u = -4*v + 70. What is the remainder when u is divided by (10 + f)*6/9?
4
Let a(v) = -35*v**3 + v. Let u = 4 + 20. Let o be 6/4 - 60/u. What is the remainder when 99 is divided by a(o)?
31
Let r(k) = 3*k + 7. Let g be r(-1). Suppose 0 = 3*h - 4*m - 84, 9*h - 4*m - 140 = g*h. Let f = h + -1. Calculate the remainder when f is divided by 5.
2
Let w = 24 + 102. Suppose 5*o - w = -o. What is the remainder when 65 is divided by o?
2
Calculate the remainder when (-2413465)/(-492) - 5/(-4) - (-2)/(-3) is divided by 23.
7
What is the remainder when 314 is divided by 87 - (13 - (0 + 28))?
8
Let s be (-4 - -10) + (4 - 6). Suppose 2*g - 4*n - 80 = 0, s*n + 122 = -0*g + 3*g. What is the remainder when 6/36 + (-995)/(-6) is divided by g?
40
Let r be 24/2*(-4)/(-15 + 3). Suppose r*d - 23 = v, -3 = -4*v + 1. Suppose 0 = d*w - 7*w + 13. What is the remainder when 35 is divided by w?
9
Suppose -17*j = -0*j - 5049. Let b = 331 - j. Calculate the remainder when 121 is divided by b.
19
What is the remainder when 3/(-5)*100/(110/(-11)) - -174 is divided by 14?
12
Let b be 1*(-9)/(-4)*60. Suppose b*x = 136*x - 76. Calculate the remainder when x is divided by 7.
6
Let i = 198 - 49. What is the remainder when i is divided by 41?
26
Suppose -3*v + 8*v - 55 = 0. Suppose -v*k = -73 + 18. Suppose -4*h + 83 - 20 = k*x, -2*h + 4*x = -38. Calculate the remainder when 30 is divided by h.
13
Suppose -2*p - 2*p + 57 = r, -3*p + 144 = 3*r. Suppose -r = -2*u + 4*n + 23, -3*n = -4*u + 126. Calculate the remainder when 117 is divided by u.
27
Let h = -5149 + 5168. Suppose 180 - 40 = 4*b. What is the remainder when b is divided by h?
16
Let y be (4 + 24/(-5))*-5. Suppose -3*t + d = -4, 0 = -y*d - 3 - 1. Calculate the remainder when 69 is divided by (3 - -5)*t*3.
21
Let w(o) = -36*o**3 - o**2 - 19*o - 17. Let u be w(-1). Let s = -3 - -14. Let f = u - s. What is the remainder when 100 is divided by f?
22
Let j(f) = f**3 - 12*f**2 + 34*f + 23. Let z = 97 - 92. What is the remainder when 483 is divided by j(z)?
15
Let j = 19354 - 19129. What is the remainder when j is divided by (2/(-5))/((-1)/95)?
35
Let l(b) = b**2 + 5*b - 4. Let i be l(-6). Suppose i*f = v - 12, -f + 14 + 7 = v. Calculate the remainder when v is divided by 4.
2
Let u(l) = -l + 21. Let v = 72 - 81. Let t be u(v). What is the remainder when (-5)/t - 326/(-12) is divided by 15?
12
Let h = 28898 + -28855. Calculate the remainder when h is divided by 20.
3
Let t(h) be the second derivative of 0 + 33*h - 3/2*h**2 + 2/3*h**3 + 1/12*h**4. What is the remainder when t(-8) is divided by 4?
1
Let q be (300 + 0)*(15 - 22). What is the remainder when ((-10)/(-6))/((-100)/q) is divided by 23?
12
Let f = 234 + -118. Calculate the remainder when f is divided by (-1)/7 - 4720/(-112).
32
Let h(q) be the first derivative of 3*q**2/2 + 20*q + 18. Let j(v) = 7*v + 39. Let l(c) = 5*h(c) - 3*j(c). Calculate the remainder when 51 is divided by l(-5).
12
Suppose -5*f - 4*b = -45, -5*f + 7 + 38 = 5*b. Suppose -4*u + f = -127. What is the remainder when u is divided by 12?
10
Suppose h + x - 8 - 10 = 0, -3*h - 5*x = -50. Suppose -2*z = 36 - 12. What is the remainder when h is divided by (-11)/3*(9 + z)?
9
Let m = 28068 + -27669. Calculate the remainder when m is divided by 15.
9
Let i(t) = -1 + t**2 + 3*t - 7*t - 4 + 0. Let u be i(5). Let l(o) = o**2 + 14. What is the remainder when l(u) is divided by 8?
6
Let b(q) = -11*q - 1559. Calculate the remainder when 2603 is divided by b(-147).
51
Let g(y) = -6*y**3 + 2*y**2 - 38*y - 142. Calculate the remainder when g(-4) is divided by 420.
6
Let r = -664 + 675. Suppose -2*y - 2*c = -7*y + 60, 5*c - 25 = 0. Let j = 34 - y. What is the remainder when j is divided by r?
9
Calculate the remaind